= -k + 3 + 41. What is the highest common divisor of x and k?
44
Suppose 2*w = 11*o - 1786, 172 = o - 10*w + 5*w. Calculate the greatest common factor of 4086 and o.
18
Suppose 0 = 3*n - 31 - 5. Suppose 2*k = 4*v + n, -17*v + 15*v - 22 = -2*k. What is the greatest common divisor of 208 and k?
16
Suppose 2*c - 5*m = -46, -3*m - 2*m = c - 7. Let a(q) = -4*q + 3*q - 40 + 1 - 4*q. Let o be a(c). Calculate the highest common divisor of 130 and o.
26
Suppose -3*n + 216 = 60. Let o(l) = -168*l + 7564. Let h be o(45). What is the greatest common factor of h and n?
4
Let a be ((-30)/8)/((-10)/40). Suppose 0 = 5*q + a, -2*q + 21 = -3*k - 4*q. Let i be 2/(-15)*k*33. Calculate the greatest common divisor of i and 11.
11
Let g be ((-1)/1)/((-10)/(-35) + (-375)/945). What is the highest common factor of g and 828?
9
Let j(z) = z**2 + 9*z + 17. Let h be j(-6). Let c be -18 + 20 + h + 1. Suppose 5*v + 2*g - 218 = 0, 0 = -c*g - 2. What is the greatest common factor of v and 4?
4
Suppose -4*i = 2*j - 96, -5*i + 10*i + 155 = 3*j. Let f = 137 - 131. Calculate the greatest common divisor of j and f.
2
Suppose -2*m + 3*p + 48 = 7*p, -142 = -5*m + p. Let v be (-2)/(-7) - (6 - 680/70). Let j be 0/1 + m + v. Calculate the highest common divisor of j and 48.
16
Let r be (-57 + 1)*(-15)/(-12)*8*-1. Calculate the highest common factor of r and 320.
80
Let x be (-17)/((-170)/180)*(-2)/4. Let h be (-40)/(-50) - 18/10 - x. Calculate the highest common factor of h and 12.
4
Suppose -232 = -5*l - 4*n, -211 = 12*l - 17*l + 3*n. What is the highest common divisor of l and 47828?
44
Let v be (4/(-4))/(-2*(-5)/(-160)). Suppose -12*y - 104 = -v*y. Calculate the greatest common divisor of 39 and y.
13
Suppose 0 = -10*h + 9*h + 5. Suppose 0 = 3*f + 5*o - 230, 4*f - 2*f = -h*o + 155. What is the highest common factor of 3 and f?
3
Suppose -10*m + 4*m = -2256. Suppose -59 = -n + 4*i, -3*n - 79*i + 80*i = -144. What is the greatest common divisor of m and n?
47
Let t(u) = -u**3 - 33*u**2 - 14*u - 460. Let w be t(-33). Calculate the greatest common factor of 281 and w.
1
Suppose -4*v + 8 = g, -5*g - 2 = 10*v - 11*v. Let n = 291 - 281. What is the greatest common divisor of n and v?
2
Let s = 209 + -200. Let d(w) = -w**3 + 3*w**2 - w - 3. Let r be d(-2). Let x = 37 - r. What is the highest common factor of s and x?
9
Let x be (56/(-6))/((-608)/3192). What is the greatest common factor of 21413 and x?
49
Let z(a) = -8*a. Let q be z(-9). Let n be (-9 - -1)/((16/120)/(-1)). Suppose m = 2*f - n, -3*f + q = 2*m + m. What is the greatest common factor of 4 and f?
4
Let m be 3008/12*276/736. Calculate the greatest common factor of 14711 and m.
47
Let m be 1*(4 + 2) + -2. Let x = -12 + -20. Let n = x + 64. Calculate the greatest common factor of m and n.
4
Let l(t) = 6*t + 1. Let u be l(10). Let s = -8061 - -8610. What is the greatest common divisor of s and u?
61
Suppose -2*n + 7 = -3. Suppose 2*k + 2*k = 3*k. Suppose 0 = -n*w - k + 10. What is the highest common divisor of 16 and w?
2
Let c(j) = -j**2 - 8 + 3 + 2*j + 3*j + 0*j. Let m = 119 - 117. Let k be c(m). Calculate the greatest common factor of k and 8.
1
Let x(i) = i**3 + 38*i**2 - 114*i + 418. Let t be x(-41). Calculate the greatest common factor of t and 203.
7
Let u be (46 - -2) + (-3 - -6). Let p = u - 47. Suppose 139 + 1 = p*j. What is the greatest common divisor of j and 14?
7
Let l be (-12988)/(-204) + ((-2)/2)/(-3). Suppose 0 = 3*c + 4*g - 3056, -2*c - 3*g + 2*g + 2044 = 0. Calculate the greatest common divisor of c and l.
64
Let o(f) = -16*f**2 + 5*f - 8. Suppose -5*p + 2 = -8. Let u be o(p). Let a = -42 - u. What is the greatest common factor of a and 100?
20
Let o = 5632 + -5480. What is the highest common divisor of o and 38?
38
Let c = -74 + 200. Let s = c - 84. Let x be ((-3)/4)/(3 - (-340)/(-112)). Calculate the greatest common divisor of x and s.
21
Let p(r) = 2*r - 2 + 3*r**2 - 3 - 1 + 2. Let v be p(3). Let h be (10/6 - 3)*-6*29. What is the highest common factor of v and h?
29
Suppose -7*w + 17*w = 3010. Let z = w - 296. Calculate the highest common divisor of 130 and z.
5
Suppose -577 = -2*u + 3*c, u + 4*c - 1500 = -4*u. Suppose 710*r - 10508 = 568*r. Calculate the greatest common factor of u and r.
74
Let l be (24/(-16))/1 + 114/4. Let g = 157 + l. What is the highest common divisor of 8 and g?
8
Let u = 15 - 8. Suppose 6*v = -t + 9*v - 33, -3*t + 4*v - 84 = 0. Let l be 70/4*(-19)/(285/t). Calculate the highest common divisor of l and u.
7
Suppose -5*i + n = -21 - 40, 4*i - 26 = -3*n. Calculate the highest common divisor of i and 1727.
11
Let p = -4795 + 4956. Calculate the greatest common divisor of 2576 and p.
161
Suppose -22 = 9*t - 7*t - b, -3*b = 3*t + 24. Let n be 29 - ((-5)/t)/(2/20). Calculate the highest common factor of n and 552.
24
Let r = -3432 - -4169. What is the highest common divisor of 33 and r?
11
Let l be 19*(180/156 - (-4)/(-26)). Suppose 2*x + 5*b + 20 = 0, -2*x - 13 = -x + b. Let j = l + x. Calculate the highest common factor of 4 and j.
4
Suppose 939 = i + 3*q, 10 = 30*q - 28*q. What is the greatest common divisor of 156 and i?
12
Let j = 77 - 43. Let g be (-5)/(-10) - 21/(-2). Let c = g - -40. What is the greatest common factor of j and c?
17
Let v be 1618/2 + (10 - 7) + (-31 - -39). What is the greatest common divisor of v and 14145?
205
Let g(l) = 182*l + 1102. Let p be g(-6). What is the greatest common divisor of p and 6?
2
Suppose 4*c - 65 = -17. Let z be 10 + ((-34)/(-6))/(64/384). What is the greatest common divisor of z and c?
4
Suppose -1126 + 5251 = 423*m - 3066. Let s be -1 - 1/((-1)/392). What is the greatest common factor of s and m?
17
Let w(s) be the first derivative of -s**3/3 - 11*s**2 - 3*s + 44. Let t be w(-21). Calculate the highest common divisor of t and 144.
18
Let r be (-7 - (1 - -21))*5. Let p be 3161/9 + 3 + r/45. Calculate the highest common factor of 65 and p.
13
Let q be (40/(-10) - -8)/(3/9861). What is the greatest common divisor of q and 76?
76
Suppose -508*o + 4 = -507*o. Let l = -45 - -193. Calculate the greatest common divisor of o and l.
4
Let y(d) = 4*d**3 + 8*d**2 + d - 3. Let c be y(2). Calculate the greatest common divisor of c and 21.
21
Suppose 19 - 28 = 3*v. Let n(y) = -y**3 + 2*y - 6. Let h be n(v). Suppose 35 = 3*d + 5. Calculate the greatest common divisor of h and d.
5
Let f be (((-276)/(-20))/3 - -3)/(103/4120). What is the highest common divisor of 832 and f?
16
Let h(r) = 4117*r**2 - 45*r - 46. Let c be h(-1). Calculate the greatest common factor of 56 and c.
28
Let g(h) = h**3 - 4*h**2 + h - 3. Let d be -38 + 0 - (7 - 2). Let k = -37 - d. Let n be g(k). Calculate the greatest common factor of n and 15.
15
Suppose 272 = l - 31. Let g = l - 300. What is the highest common factor of 81 and g?
3
Let u be (1/3)/(3/6)*-3. Let j be -4 - (-51 - (-5 - u)). Let b = j - 41. What is the greatest common factor of 15 and b?
3
Suppose -4*k + 15 = -r + 2, 0 = 2*r + 3*k - 29. Suppose 2*m + 3*d - 67 = 0, 5*m - r*d + 4*d = 220. Calculate the greatest common factor of m and 369.
41
Let z be ((-2)/(-6))/(8/72)*1. Suppose 720 = z*s + 7*s. What is the greatest common factor of s and 8?
8
Let h = -618 - -612. Let y be 1910/15 - h/9. Calculate the greatest common factor of 192 and y.
64
Let y be 2/(-7) + 1524/42. Suppose 9*b = 5 + 67. Let s(n) = n**3 - 9*n**2 + 12*n - 5. Let a be s(b). Calculate the highest common factor of a and y.
9
Let s(i) = -4*i**2 + 616*i - 43. Let b be s(152). Calculate the highest common factor of b and 1122.
51
Suppose 2*i + 5*l - 1 + 17 = 0, 5*l - 40 = 5*i. Let o be (-2 + i/(-5))*(-220)/(-11). Let w be (-13)/(3/4*o/12). What is the greatest common factor of w and 13?
13
Suppose -1518 = -4*m - 2*m. Let f be 2/(1/6*6/8). Let y(i) = i**2 - 15*i + 7. Let n be y(f). What is the greatest common factor of m and n?
23
Let l(y) = 229*y**2 - 39*y + 82. Let c be l(2). Calculate the highest common divisor of c and 1880.
40
Suppose 66*f - 10163 - 42158 + 11731 = 0. Calculate the highest common divisor of f and 410.
205
Let q = -1057 - -496. Let g = 585 + q. Calculate the greatest common divisor of g and 21.
3
Let x = 257 - 211. Suppose -x*z + 396 = -40*z. Calculate the highest common factor of 30 and z.
6
Suppose -4*d = -6*y + 5854, 2*y - 2*d - d -